mon factor of x and u.
1
Let m be 21/105 - 58/(-10). Let i be (-50)/20*8/10. Let l(v) = -6*v**3 - 2*v**2 - v. Let k be l(i). Calculate the greatest common factor of k and m.
6
Let v = -486 - -492. What is the greatest common divisor of 16 and v?
2
Suppose -7*m + 7236 - 1741 = 0. Calculate the highest common divisor of m and 5.
5
Let a(b) = -b**2 + 28*b + 228. Let z be a(-6). Calculate the greatest common factor of 21 and z.
3
Suppose -1 = -2*y + 3. Let c = 954 - 952. Calculate the greatest common divisor of c and y.
2
Let r be 6/3 - 0/2. Let t be (-124)/(-8) - 1/r. Suppose -22*q + 1983 = -1647. Calculate the highest common divisor of t and q.
15
Let h(p) = p + 92. Let m be h(3). Calculate the highest common factor of m and 19.
19
Suppose 537 - 525 = t. Calculate the greatest common divisor of t and 516.
12
Suppose -m = -3*m + 2*c + 194, 0 = -m - 4*c + 77. Suppose m = 12*z - 411. Calculate the highest common divisor of 12 and z.
6
Let c(p) = 40*p + 9. Let g be c(13). Calculate the highest common divisor of 23 and g.
23
Let g be 1/(-4)*(-1056)/44. What is the highest common factor of g and 2?
2
Let l be (-2)/3*31620/(-136). Calculate the greatest common divisor of 20 and l.
5
Suppose -4*s + 8*s = 3*f - 247, 0 = -3*f - 3*s + 282. Let b be 2/10 + f/5. Let v(l) = 17*l - 10. Let p be v(8). Calculate the highest common factor of p and b.
18
Let g(p) = 2*p - p + 3*p**2 - 4 + 0. Let r be g(-3). Let w = -232 - -272. What is the greatest common divisor of w and r?
20
Let f(b) = b + 1. Let t be f(6). Suppose -5*o - 3*m = -9, m + t = 3*o + 2*m. Suppose -30 = -0*u - o*u. What is the greatest common factor of 110 and u?
10
Let c be (58/6)/(5/(-15)). Let s = c + 35. Calculate the greatest common divisor of 4 and s.
2
Let b be (1/3)/(3/9). Suppose 0*v = -2*v + 16. Suppose 3*r + 6 = -n + v*r, -4*r = 4*n - 24. What is the highest common factor of n and b?
1
Let x(i) = i**2 - 14*i + 54. Let q be x(6). Suppose a = 8*a - 924. Calculate the highest common factor of q and a.
6
Suppose -54*z + 46*z = -456. What is the greatest common divisor of 114 and z?
57
Suppose 4*d + 10 = 2*d. Let p be ((-10)/d)/(3/786). Suppose 4*v - p = 2*u + u, 0 = 4*v + 3*u - 500. What is the highest common factor of v and 16?
16
Let n be 50 + -39 + 1*-2. Let l(w) = 2 + 10*w**2 - w**3 + 1 + 0*w**3 - 6*w. Let q be l(n). What is the greatest common factor of q and 45?
15
Let w(j) = -37*j - 1. Suppose 2*f = -2*f - 24. Let m be w(f). Let b = 397 - m. Calculate the greatest common factor of 22 and b.
22
Suppose -5 = x, -s + x = 3*s - 21. Let o = -7 + 18. Let b = 1 + o. What is the greatest common factor of b and s?
4
Let a(s) = 11*s**2 - 5*s + 30. Let x be a(6). What is the highest common divisor of 44 and x?
44
Let j(n) = -31*n - 127. Let u be j(-25). What is the highest common divisor of u and 8?
8
Let z = -693 + 719. Calculate the greatest common factor of 611 and z.
13
Let g = -167 - -227. What is the greatest common divisor of 45 and g?
15
Let l(g) = -g + 26. Let i be l(-5). Calculate the highest common divisor of i and 2.
1
Let n(r) be the third derivative of -5*r**4/12 + r**3/6 - 3*r**2. Suppose -4*u - 5 = -1. Let h be n(u). Calculate the greatest common divisor of h and 77.
11
Suppose 0*k - 2*k + 40 = -2*a, 0 = 4*a. Suppose -4*t + k = -0*t. Calculate the highest common divisor of 50 and t.
5
Let i(v) = 75*v**2 + 31*v + 32. Let r be i(-1). What is the greatest common divisor of r and 209?
19
Suppose 841 + 239 = 8*x. What is the greatest common divisor of 108 and x?
27
Suppose 372 + 178 = 2*m. Calculate the greatest common divisor of m and 385.
55
Suppose -3*h - 10 = -2*c, -5*c - 2*h + h + 8 = 0. Suppose -c*z = -25 - 3. Suppose 94 = 4*d + 10. What is the greatest common factor of z and d?
7
Suppose -4*w + 90 = w. Suppose -227*j = -211*j - 2304. Calculate the greatest common factor of w and j.
18
Let v(k) = k**3 + 3*k**2 - k + 1. Let z be v(-3). Suppose z*g - 425 = -5. Calculate the greatest common factor of g and 15.
15
Let w(o) = 8*o**2 - 12*o + 6. Let h be w(7). Suppose -358 = -16*z + h. Calculate the greatest common divisor of 14 and z.
14
Let k be (-25)/(-35) - (-1452)/84. Calculate the greatest common factor of 306 and k.
18
Let h be (1/((-18)/24))/(2/(-72)). Calculate the highest common divisor of 208 and h.
16
Let i(u) = 5*u**2 + 8*u + 54. Let z be i(12). Calculate the greatest common divisor of 30 and z.
30
Let t(v) = v + 20. Suppose 2*i + 5 = -5*q - 27, i = -3*q - 18. Let f be t(i). What is the highest common divisor of f and 42?
14
Suppose q - 3 = 0, 14 = j + 5*q - 8. Let a be j - 4 - 141/(-3). Calculate the greatest common factor of 10 and a.
10
Let t(w) = 10*w - 160. Let p be t(17). Calculate the greatest common factor of p and 1210.
10
Suppose -5*t - 197 - 99 = -4*y, 0 = y + 2*t - 74. Let v be (-9)/(-15) - y/(-10). What is the greatest common divisor of 20 and v?
4
Let z(q) = 86*q - 117. Let r be z(6). Calculate the greatest common factor of 21 and r.
21
Let o(c) = -2*c + 7. Let g be o(-4). Suppose -9 - 48 = -3*k. Let m = k - g. Calculate the highest common divisor of 32 and m.
4
Suppose 5*z - 2*f = 348, 3*f + 230 + 47 = 4*z. Let i = z - 46. Calculate the greatest common divisor of 36 and i.
12
Let f(p) = 5*p - 15. Let i be f(27). Suppose 0 = q + 3, -4*q - q = -x + i. Calculate the greatest common factor of x and 45.
15
Suppose 688 = 22*c - 6*c. Suppose -74 - 11 = -5*w. Suppose -b + w = -c. Calculate the highest common factor of b and 24.
12
Suppose -2*h = -7*h + 3*d - 92, 5*h + 97 = -2*d. Let s = h + 35. What is the highest common divisor of 64 and s?
16
Suppose 469*s - 240 = 453*s. Let o be 28/6*(-45)/(-2). Calculate the greatest common divisor of s and o.
15
Let u = 309 - 279. Calculate the greatest common factor of u and 70.
10
Let v be ((-8)/2 - (47 + -54)) + 7. What is the highest common divisor of v and 46?
2
Suppose -12*r + 38 - 26 = 0. Let c(f) = 73*f**3 - 2*f**2 + 4*f - 3. Let z be c(r). Calculate the greatest common divisor of z and 24.
24
Suppose -2*n + 21 = -3*c, -3*n + 2*c + 20 - 1 = 0. Suppose 0 = -x - n*x - i + 148, -4*x + 140 = -i. What is the highest common divisor of x and 180?
36
Let a(t) = -2*t. Let m be a(-2). Let w be (0 - m/(-5))*5. Suppose -24 = -u - 4*k, 20 = -2*k + 6*k. What is the highest common divisor of u and w?
4
Suppose -5*h + 380 = -5*j, -h + 0*j - 2*j = -88. Calculate the highest common factor of 120 and h.
40
Suppose -212 - 52 = -3*y. Suppose -q - q = -4. Let z be 1/(q + 60/(-32)). What is the greatest common divisor of y and z?
8
Let i be (58 + -2)/2*(-352)/(-112). Calculate the highest common divisor of 242 and i.
22
Let k = 16 + 4. Suppose i - 35 = 3*d + 3*i, -4*d + 4*i = k. Let f be (d + 3)/(-1 + 0). Calculate the highest common factor of 42 and f.
6
Suppose -4*c + c = -9. Suppose 0 = c*x - 5*x + 30. Let v be (-2)/(-5) - (-24)/x. What is the greatest common factor of 4 and v?
2
Let d = -25 - -41. Suppose 3 - 2 = 5*v - 2*j, -6 = 4*v - 5*j. Let g be ((-102)/9 + -2)*v*-3. What is the greatest common factor of g and d?
8
Suppose 8*m = 3*m + 170. What is the highest common factor of m and 153?
17
Suppose -6*h + 4*v = -12*h + 1234, -2*h = -v - 423. Suppose -4*w = -5*t - 71, 58 + 22 = 4*w + 4*t. Calculate the greatest common divisor of w and h.
19
Suppose -f + 358 = 331. What is the highest common divisor of f and 2106?
27
Suppose 2*f = 2*m + 3*f - 86, -96 = -2*m + 4*f. What is the greatest common divisor of 20 and m?
4
Let p = 190 + -125. Suppose -5*z - 27 = -4*k, -3*k = -0*z - z - 34. What is the highest common divisor of p and k?
13
Suppose 3*y - 4*y = 5. Let t be 8/(-10)*150/y. Suppose -11*d + 8*d + 36 = 0. What is the highest common factor of t and d?
12
Suppose 2*b + 81 = -5*h, 3*b - 4*b = -2*h - 27. Let r be (-19)/(-2) + h/30. What is the greatest common divisor of 81 and r?
9
Let b(s) = -s + 11. Let m(f) = -1. Let l(o) = -2*b(o) - 10*m(o). Let z be l(7). What is the greatest common divisor of 5 and z?
1
Suppose 90 = 52*c - 47*c. What is the greatest common factor of 954 and c?
18
Let b(i) = -i**2 + 12*i + 6. Let l be b(12). Let j be (4/(-6))/(l/(-27)). Let k be (10/j)/((-6)/(-99)). Calculate the highest common divisor of k and 5.
5
Let x = -2531 - -2540. Let d(a) = -a**3 + 8*a**2 - 2*a - 2. Let i be d(5). Calculate the highest common